y = -46 - -138. What is the remainder when y is divided by 20?
12
Let q(v) = v**2 - 6*v - 5. Let d be q(6). Let c = -2 - d. What is the remainder when c is divided by 2?
1
Suppose 3*l + 2*f = 156, -4*l + 3*l + 3*f = -52. Calculate the remainder when l is divided by 27.
25
Let w(u) = 3*u - 1. Suppose -60 = -4*g - o, -30 = -2*g - o + 4*o. What is the remainder when w(20) is divided by g?
14
Suppose 2*j + 2 = 0, -5*r + 1 = -3*r + 5*j. Suppose -1 - 13 = -2*w - r*q, 5*w - 2*q - 73 = 0. Calculate the remainder when 38 is divided by w.
12
Suppose -4*t + 43 = 5*b - 37, 0 = 5*b + 5*t - 85. Calculate the remainder when 29 is divided by b.
5
Let f = 115 - 97. Calculate the remainder when 67 is divided by f.
13
Suppose 5*f - 12 = 188. Let y = f - 27. Calculate the remainder when 36 is divided by y.
10
Let c(s) = -151*s**2 + s. Let p be c(-1). Let x = p - -214. Calculate the remainder when x is divided by 13.
10
Suppose 4*v = 3 + 9. Suppose -u = -4*n - 23 + 79, v*n + 3*u = 27. Calculate the remainder when 49 is divided by n.
10
Let u(n) = n - 8. Let i be u(9). Suppose o - i + 5 = 0. Calculate the remainder when 53 is divided by 2/o - 74/(-4).
17
Let t(m) = 2*m - 2. Let n be 1 + (2 - 9)*-1. Let l = n + 0. Calculate the remainder when 40 is divided by t(l).
12
Let x be (-4)/(-2) + (36 - -1). Let t = x + -6. Calculate the remainder when t is divided by 9.
6
Let k = -3 - -2. Let u = 6 - 2. Let v = u - k. What is the remainder when 8 is divided by v?
3
Let m be (-125)/6 - 1/6. Let b = m - -41. Calculate the remainder when 39 is divided by b.
19
Suppose -4*y + 3 = -3*y. Let v be 6/(6/2) + y. Suppose v*r - x - 37 = -8, 21 = 4*r - 3*x. What is the remainder when 10 is divided by r?
4
What is the remainder when (7 + (-4 - -3))*11 is divided by 17?
15
Calculate the remainder when 40 is divided by (-7 + 4)/((-2)/14).
19
Let o be (-14)/(3/(-1 - -7)). Let y = o - -47. Calculate the remainder when y is divided by 7.
5
Let v(b) = -2*b - 5. Let l = 4 + -2. Suppose 2*k - l = 4. Calculate the remainder when v(-8) is divided by k.
2
Suppose -6*s - 39 = -9*s. Suppose 157 = 3*r - 2*t, -2*t = -r + 2*r - 39. What is the remainder when r is divided by s?
10
Suppose 725 = -j - 4*j. Let p = j - -223. What is the remainder when p is divided by 16?
14
Suppose 6 = -3*x + 42. Calculate the remainder when x is divided by 5.
2
Let y(u) = u**3 - 11*u**2 + 16*u + 26. Calculate the remainder when 54 is divided by y(9).
6
Suppose -2*r - 112 = 32. Let c = -50 - r. Calculate the remainder when c is divided by 6.
4
Let k(i) = i**2 + 3*i + 6. Suppose -9 = -3*o + 4*o. Let g be k(o). What is the remainder when (-1)/((-1)/g) + -3 is divided by 15?
12
Suppose 4*u - 79 = -2*f + u, f = -4*u + 27. Suppose -8 = -5*h + f. Suppose -5*y = d - 0*d - 17, -d = -5*y - 47. What is the remainder when d is divided by h?
10
What is the remainder when 1/(-6) + (-453)/(-18) is divided by 9?
7
Suppose -2*z - 29 = -3*v + 39, 0 = -v + 2*z + 16. Let o(j) = -j - 2. Let c be o(-4). What is the remainder when v is divided by (-1)/(-2) - (-27)/c?
12
Let n(z) be the second derivative of z**3/2 + 3*z**2/2 - 2*z. Calculate the remainder when 58 is divided by n(4).
13
Suppose -19 = 4*n - l, 2*n + 3*l + 2*l = -15. Calculate the remainder when 43 is divided by n/(16/(-12) - -1).
13
Let t(r) = -r**3 + 9*r**2 + 3*r - 8. Calculate the remainder when 92 is divided by t(9).
16
Let d(p) be the third derivative of -p**4/24 + p**3/6 - 3*p**2. Let o be d(-3). Let f = o + 12. Calculate the remainder when 47 is divided by f.
15
Let m(x) = x**2 + 4*x + 3. Let d be m(-4). Let k = d + -1. Suppose t - 38 = 2*w, -3*t + w = -k*t - 36. Calculate the remainder when t is divided by 12.
10
Let j(d) = 115*d**3 + d**2 - 3*d + 2. What is the remainder when j(1) is divided by 13?
11
Let l = -190 + 274. Suppose -3*z - 5*s + 60 = -z, 4*z + s = l. Calculate the remainder when z is divided by 11.
9
Let f(r) = r**3 + 22. Suppose -4*x + 3*q - 6*q = 12, x + 12 = -3*q. Let l be f(x). Suppose l + 33 = 5*p. What is the remainder when 43 is divided by p?
10
Suppose 5*u + 32 - 117 = 0. Calculate the remainder when u is divided by 3.
2
Let k(o) = o**2 - 3*o + 3. Suppose 2*b - 36 = -4*c, -6 + 26 = 4*c. What is the remainder when k(b) is divided by 15?
13
Let m(a) = -a**2 + 2*a + 46. What is the remainder when m(0) is divided by 17 + -14 - -3*3?
10
Suppose 5*x - 3*n - 12 = 4, 0 = x + 3*n + 4. Suppose -4*a + 4 = x*h - 6*a, -14 = -h - 3*a. What is the remainder when 13 is divided by h?
3
Calculate the remainder when 15 is divided by (3*3)/(-9 - -10).
6
Suppose 133 - 41 = 4*y. Calculate the remainder when 66 is divided by y.
20
Let u = 107 + -18. Calculate the remainder when u is divided by 18.
17
Let f(l) = l**3 - l**2 - 1. Let r be f(2). Suppose -r*p - 29 = -5*n - p, p - 13 = -3*n. What is the remainder when 19 is divided by n?
4
Suppose 5*t + 25 - 80 = 0. What is the remainder when 21 is divided by t?
10
Suppose -28*i + 90 = -22*i. Suppose -2*s + 6*s - 172 = 0. What is the remainder when s is divided by i?
13
Let u(m) = -51*m - 5. Calculate the remainder when u(-1) is divided by 6.
4
Suppose -16 = 3*z + z. Let b be 3 + z/(8/(-6)). Calculate the remainder when 8 is divided by 16/b + 6/18.
2
Let q = -1 + 1. Suppose q = -v + 2*v - 11. What is the remainder when 20 is divided by v?
9
Suppose -3*h + 455 = 10*h. What is the remainder when h is divided by 6?
5
Suppose -3*h - 9*p = -4*p - 8, -1 = 4*h - 5*p. Suppose 5*c + 2*l - 4 = -l, 0 = c + 5*l + 8. Calculate the remainder when h*(-1 - 0)*-3 is divided by c.
1
Let b = -43 + 74. Suppose -28 = -4*w - q + 5*q, -3 = 3*w + 5*q. Suppose -p = -5*i - 31, 0*p = -w*p - 3*i + 32. What is the remainder when b is divided by p?
9
Suppose 18*y = 21*y - 12. Calculate the remainder when y is divided by (-3)/(-6) - (-2)/4.
0
Let p(w) = w**2 + 5*w - 1. Calculate the remainder when 18 is divided by p(-7).
5
Calculate the remainder when (-973)/(-21) - 1/3 is divided by 0*(-3)/12 - -12.
10
Suppose -2*z = 3*z - 510. What is the remainder when z is divided by 21?
18
Suppose -3*p - 5*k - 4 + 5 = 0, 2*p = -4*k. Suppose -28 = -p*t - 0*t. What is the remainder when t is divided by 4?
2
Let t be -5*(4 + -2 - 3). Suppose 18 = t*m + 5*h - 7, -3*h = 2*m - 12. What is the remainder when 9 is divided by m?
0
What is the remainder when 119 is divided by (20 - 4) + 1 + (1 - -2)?
19
Let q(b) = b**2 + 5*b - 2. Let l be q(-5). Calculate the remainder when 17 is divided by (l/6)/(4/(-72)).
5
Suppose -5*d - 2*b = 0, 3*b + 13 + 2 = 0. Suppose -4*l - 7*p + 52 = -d*p, -3*p + 52 = 4*l. Calculate the remainder when l is divided by 7.
6
Let b(l) = 2*l**2 + 2. Suppose -114 = -3*k - 0*k. What is the remainder when k is divided by b(2)?
8
Suppose -15 = -5*s + 5. Let n(y) = 5*y**2 + 2*y + 2. What is the remainder when n(s) is divided by 23?
21
Let u = 41 + -20. Let z(h) = -17. Let c(t) = -t - 18. Let v(a) = 6*c(a) - 7*z(a). What is the remainder when v(-5) is divided by u?
20
Suppose -2*q = 2*f - f - 18, -32 = -4*f + 2*q. Let x = f - 5. Let r = 11 - x. What is the remainder when r is divided by 2?
0
Let p(t) = t + 2. Let g be 10/(-3) + (-7)/(-21). Let s be p(g). Let c(m) = -44*m - 1. What is the remainder when c(s) is divided by 15?
13
Let c be (-2)/(-8) + 129/12. Suppose c = 2*o - 27. Calculate the remainder when o is divided by (-136)/(-24) - 4/6.
4
Suppose 5*y = -5*r + 285, 5*r = -0*r + 15. What is the remainder when y is divided by 14?
12
Let x be (-1 + 15)/((-2)/1). What is the remainder when 29 is divided by 1 + x/(-2)*2?
5
Suppose -2*g = 2*g - 148. Suppose 0 = 3*d + d - 12, 0 = 3*o + d - 33. What is the remainder when g is divided by o?
7
Let x(f) = -f + f**2 + 5*f + 5*f + 2*f. Let p be x(-11). Suppose 3*k - 16 + 4 = p. What is the remainder when 7 is divided by k?
3
Suppose -2*h = y - 22, 4*y = 8*y - h - 79. Calculate the remainder when 38 is divided by y.
18
Let s be (2 - 1)/((-3)/(-42)). Suppose w + w = s. What is the remainder when 19 is divided by w?
5
Let l(x) = 8*x**3 + x**2 + x - 1. Calculate the remainder when 64/(-6)*(-57)/38 is divided by l(1).
7
Let v(j) = 24*j + 4. Let o be v(5). Let q = -66 + o. Calculate the remainder when q is divided by 20.
18
Suppose -5*y + 256 = -y. What is the remainder when y is divided by 22?
20
Let s(l) = l**2 + 11*l**2 - l